 = -5*l + 171, 0 = 5*l - 5*p - 54 - 111. What is the greatest common divisor of g and l?
7
Suppose -w - 3*y = 11, 0 = -3*w - 3*y - 4 - 29. Let a be 2 + w + -1 + -1. Let h = 26 + a. What is the greatest common divisor of 105 and h?
15
Suppose 46 = 2*z - 4*r, 11 + 7 = z - r. Let t = -176 + 228. What is the greatest common divisor of t and z?
13
Let u(c) = -2*c**3 + c**2 - c + 1. Let j be u(1). Let d(a) = -87*a**3 + 2*a**2 + 2*a + 1. Let w be d(j). What is the greatest common divisor of w and 8?
8
Let v = 5 + -2. Let b be 2*-6*(-4)/v. Suppose -2*j = -3*j - 5, 0 = 2*i + 3*j - 273. What is the greatest common factor of b and i?
16
Suppose -4*x + 380 = 4*p, 0*p = -p - 5*x + 115. Let q(w) = 3*w + 3. Let v be q(5). Calculate the highest common divisor of v and p.
18
Let y = -120 - -253. Let j(d) = -9*d + 1. Let a be j(-2). What is the greatest common divisor of y and a?
19
Let a be 2/3*99/(-22). Let v = a + 7. Let m = 101 + -57. Calculate the highest common factor of m and v.
4
Let x be (-316)/(-36) - (-6)/27. Suppose 36 = 2*a + 2*a. What is the greatest common divisor of a and x?
9
Let t(q) = q**3 + 9*q**2 - 2*q - 10. Let g be t(-9). Let s be ((-16)/5)/(1/(-20)). What is the greatest common divisor of g and s?
8
Let n be 95/20 - (-2)/8. Let u = n - -5. Calculate the greatest common divisor of u and 4.
2
Let w(b) = 3*b - 25. Let g be w(13). What is the highest common factor of g and 112?
14
Let s = 98 + -79. What is the greatest common divisor of s and 76?
19
Let v = 2 + -2. Let y be 1/2*-2 - -6. Suppose -d + y = -v. Calculate the highest common divisor of 2 and d.
1
Suppose -4*i + 2*k = -198, 6*i = 2*i - 5*k + 205. Suppose 6*u = u + 50. What is the greatest common divisor of u and i?
10
Let q = -2 - -2. Suppose 8 = -2*v - 2*m + 42, -2*v + m + 43 = q. Let i be 18/(-12)*(-20)/3. What is the highest common divisor of v and i?
10
Suppose 5*m - 224 = -2*s, 0 = -5*s + m + 242 + 318. Calculate the highest common divisor of s and 14.
14
Suppose -2*o + 0 = -14. Calculate the greatest common divisor of 77 and o.
7
Suppose 4*a + 0*a - 104 = 0. Let h be -7 - -10 - 36/(-1). Calculate the greatest common divisor of a and h.
13
Let a = 23 + -18. Calculate the greatest common divisor of 20 and a.
5
Suppose -8 = 2*d - 4*d. Let z = 50 + d. Calculate the greatest common factor of z and 6.
6
Let v(r) = -1 + r**2 - 2 - r - 2*r**2 + 4 - r**3. Let a be v(-2). Let p = 170 - 121. What is the greatest common factor of a and p?
7
Suppose i + 8 = 57. Let v be ((-2)/4)/(-1*4/56). What is the highest common divisor of v and i?
7
Suppose 7 = 3*p - 65. Calculate the highest common divisor of p and 216.
24
Let v be 119/(3 + (-5)/2). Calculate the highest common factor of v and 34.
34
Suppose -w - 68 = -5*b - 0*w, 2 = w. Calculate the greatest common divisor of 35 and b.
7
Let z = 3 + 2. Suppose 2*m - 3*g + 1 = -4, 3*m - 3*g = 0. What is the highest common factor of z and m?
5
Suppose 4*f + 2 = -2*r + 4*r, -5*r = 3*f - 57. Let k be 3/9 + 15/r. Let l(c) = c. Let g be l(3). What is the highest common factor of k and g?
1
Let k = 310 - 195. Calculate the highest common factor of k and 46.
23
Suppose 4*z + 348 = 5*l - 77, 505 = -5*z + l. Let q be (4/5)/((-5)/z). What is the highest common divisor of 80 and q?
16
Suppose n = 39 - 443. Let s be n/(-8) + 1/(-2). Suppose 20 = 5*w - s. Calculate the greatest common divisor of w and 56.
14
Suppose 0 = 2*v + 2*d + 3*d, 5*v + 2*d + 42 = 0. Let z = -2 - v. What is the greatest common divisor of z and 8?
8
Let o = 11 - 4. Let h = -231 + 245. Calculate the highest common factor of h and o.
7
Suppose 0 = -107*y + 102*y + 120. Calculate the highest common factor of 3 and y.
3
Suppose 0*x - 2*x = -12. Suppose -x*z = -z - 20. Let w(a) = a**3 - 11*a**2 + 9*a + 18. Let i be w(10). Calculate the greatest common divisor of i and z.
4
Let u = -166 + 172. Calculate the greatest common factor of u and 48.
6
Let p be (-8)/(-12) - 75/(-9). Suppose c + 13 = i, -6 = 3*c + 6. Calculate the highest common factor of p and i.
9
Suppose -2*j = 2 - 26. Suppose 5*f - 20 = f. Suppose 4*z = 4*r + 164, -f*z - 2 + 197 = -3*r. Calculate the highest common factor of z and j.
12
Let a be ((-3)/9)/(1/(-15)). Let p be 9*2/9 + 0 + 3. What is the highest common divisor of a and p?
5
Suppose -14*i + 13*i + 1 = 0. Let l = -3 - -5. Calculate the greatest common divisor of i and l.
1
Let a(w) = w**2 - 8*w + 4. Let p be a(8). Suppose -i + 28 - p = 0. Let b = -121 + 157. Calculate the highest common divisor of i and b.
12
Suppose g = 3*q, 8 = 3*g + 2*q - 25. Let f be g/2*12/18. Suppose v - f*h - 26 = 0, 2*v - 4*h - 18 = 24. What is the highest common divisor of 88 and v?
11
Suppose -2*k + 1 - 3 = 0. Let l be 1 - 4 - k - -9. What is the highest common factor of 63 and l?
7
Suppose -2*p = -5*g + 29, -p - p + 27 = 3*g. Calculate the highest common divisor of g and 119.
7
Let q be 328/5 + (-20)/(-50). What is the highest common divisor of q and 33?
33
Let c(q) = 42*q**3 - 1. Suppose 3*z + 0*z = 12, -4*k + 4*z = 12. Let l be c(k). Let r = -23 + l. Calculate the greatest common divisor of r and 18.
18
Suppose 6*h - 3*h - 84 = 0. Suppose 10 = d - 5*o - h, d - 3*o - 28 = 0. Suppose 2*m = -m + 351. Calculate the greatest common factor of d and m.
13
Let f be ((-1)/(-1))/(0 - -1). Let y(l) = -l**3 - 8*l**2 - 7*l + 9. Let m be y(-7). Calculate the greatest common divisor of m and f.
1
Let l(x) = -5*x**2 - 3*x - 8. Let i be l(-6). Let s be 2/6 - i/3. Let g(h) = h**3 + h**2 + h - 1. Let o be g(3). What is the greatest common divisor of s and o?
19
Let l = -50 - -72. Let b(i) = 2*i**2 + i - 10. Let q be b(-8). Suppose 3*h = -2*h + q. Calculate the highest common factor of l and h.
22
Suppose -2*t = -5*t + 24. Let z be (-6)/(-4)*32/t. Calculate the highest common divisor of z and 66.
6
Suppose -w - 3*i = 1, -5*i + 15 = 2*w + 3*w. Suppose 4*o = -w*z + 34, 18 = o + o + 3*z. Let x = o + 0. What is the greatest common factor of 30 and x?
6
Suppose 2*l + l = -4*w + 41, -3*w - l + 27 = 0. Calculate the greatest common divisor of w and 64.
8
Suppose -2*k = 2*l + 2*k - 12, 5*l - k = -14. Let p be (-3 + l)*-7 + 0. What is the greatest common factor of 7 and p?
7
Suppose 10*m - 109 = -9. What is the highest common divisor of 10 and m?
10
Suppose 0 = 2*y + y - 216. Calculate the highest common divisor of 8 and y.
8
Suppose -4*q + q = -3*w - 318, -5*q + 538 = -w. Suppose -2*r + q = 2*r - 4*t, 0 = -2*r + t + 49. Calculate the greatest common divisor of 11 and r.
11
Suppose a + 4 = -2*k + 9, 4*a = -k + 6. Let f be k*(15/2 - -2). Calculate the greatest common factor of f and 152.
19
Let l(x) = x**3 - x**2 + 71. Let h be l(0). Suppose -4*n + 331 = h. Calculate the greatest common divisor of n and 26.
13
Let s(x) = -x**3 - 5*x**2 + 2*x + 6. Let a be (-8)/10*(-45)/(-6). Let q be s(a). Calculate the greatest common factor of q and 6.
6
Let k be 2884/20 + (-2)/10. Let s be 2/(-5) - (-522)/30. Suppose 4*v - s = 47. What is the greatest common factor of v and k?
16
Suppose 3*z = -2*t + 202, 4*t - 5*z = -z + 424. Let p be ((-2)/(-4))/((-3)/(-78)). What is the greatest common divisor of t and p?
13
Let j(v) = 12*v - 1. Let d be j(1). Suppose 5*y + 134 = 5*i - 76, 2*i + 2*y = 80. Suppose -5*b + i = -69. Calculate the highest common divisor of b and d.
11
Suppose 0 = 2*y - 64 - 54. Let t = -37 + y. Calculate the highest common factor of 55 and t.
11
Suppose 0 = -2*n + n + 2. Suppose -2 = -4*h + n. What is the greatest common divisor of 1 and h?
1
Let y be (2 - 2)*2/6. Suppose 4*v - 5*t = 68, -4*t = 2*v - y*v - 8. What is the highest common factor of 84 and v?
12
Suppose -4*i - 44 = -6*i. What is the greatest common divisor of 11 and i?
11
Let l = 3 + 2. What is the greatest common factor of l and 1?
1
Let j(s) = s**2 - 14*s + 19. Let h be j(13). Calculate the greatest common factor of h and 24.
6
Let s(b) = b**3 + 7*b**2 - 8*b - 2. Let f be s(-8). Let v = 14 - f. Calculate the highest common divisor of 4 and v.
4
Suppose -4*a = -0*a + 5*q - 20, 0 = 2*a + 5*q - 10. Suppose s = -3*i + a, 4*s + 6*i - 2*i = 12. Calculate the highest common divisor of 8 and s.
2
Let i = 0 - -6. Suppose -5*r + 56 = i. Suppose c = -x + r, -x + 2*c + 7 = -0*c. Calculate the highest common factor of x and 18.
9
Suppose 7 + 17 = 2*s. Let p be -1 - 